{"id":17048,"date":"2025-08-27T16:50:24","date_gmt":"2025-08-27T14:50:24","guid":{"rendered":"https:\/\/lettresdepoilus-pays-de-ploermel.fr\/?page_id=17048"},"modified":"2025-10-06T19:37:50","modified_gmt":"2025-10-06T17:37:50","slug":"ernand-badouel-a-ecrit","status":"publish","type":"page","link":"https:\/\/lettresdepoilus-pays-de-ploermel.fr\/index.php\/ernand-badouel-a-ecrit\/","title":{"rendered":"Fernand BADOUEL a \u00e9crit &#8230;"},"content":{"rendered":"<div class=\"wp-block-image\">\n<figure class=\"aligncenter size-full\"><img fetchpriority=\"high\" decoding=\"async\" width=\"516\" height=\"764\" src=\"https:\/\/lettresdepoilus-pays-de-ploermel.fr\/wp-content\/uploads\/2025\/09\/image-5.png\" alt=\"\" class=\"wp-image-17523\" srcset=\"https:\/\/lettresdepoilus-pays-de-ploermel.fr\/wp-content\/uploads\/2025\/09\/image-5.png 516w, https:\/\/lettresdepoilus-pays-de-ploermel.fr\/wp-content\/uploads\/2025\/09\/image-5-203x300.png 203w\" sizes=\"(max-width: 516px) 100vw, 516px\" \/><\/figure>\n<\/div>\n\n\n<div style=\"height:40px\" aria-hidden=\"true\" class=\"wp-block-spacer\"><\/div>\n\n\n\n<hr class=\"wp-block-separator has-alpha-channel-opacity\"\/>\n\n\n\n<div class=\"wp-block-columns is-layout-flex wp-container-core-columns-is-layout-9d6595d7 wp-block-columns-is-layout-flex\">\n<div class=\"wp-block-column is-layout-flow wp-block-column-is-layout-flow\">\n<figure class=\"wp-block-image size-large\"><img decoding=\"async\" width=\"1024\" height=\"643\" src=\"https:\/\/lettresdepoilus-pays-de-ploermel.fr\/wp-content\/uploads\/2025\/10\/018Texte-BadouelF-GrandMere-1024x643.jpg\" alt=\"\" class=\"wp-image-17963\" srcset=\"https:\/\/lettresdepoilus-pays-de-ploermel.fr\/wp-content\/uploads\/2025\/10\/018Texte-BadouelF-GrandMere-1024x643.jpg 1024w, https:\/\/lettresdepoilus-pays-de-ploermel.fr\/wp-content\/uploads\/2025\/10\/018Texte-BadouelF-GrandMere-300x188.jpg 300w, https:\/\/lettresdepoilus-pays-de-ploermel.fr\/wp-content\/uploads\/2025\/10\/018Texte-BadouelF-GrandMere-768x482.jpg 768w, https:\/\/lettresdepoilus-pays-de-ploermel.fr\/wp-content\/uploads\/2025\/10\/018Texte-BadouelF-GrandMere-1536x964.jpg 1536w, https:\/\/lettresdepoilus-pays-de-ploermel.fr\/wp-content\/uploads\/2025\/10\/018Texte-BadouelF-GrandMere-2048x1286.jpg 2048w, https:\/\/lettresdepoilus-pays-de-ploermel.fr\/wp-content\/uploads\/2025\/10\/018Texte-BadouelF-GrandMere-1140x716.jpg 1140w\" sizes=\"(max-width: 1024px) 100vw, 1024px\" \/><\/figure>\n<\/div>\n\n\n\n<div class=\"wp-block-column is-layout-flow wp-block-column-is-layout-flow\">\n<figure class=\"wp-block-image size-large\"><img decoding=\"async\" width=\"1024\" height=\"644\" src=\"https:\/\/lettresdepoilus-pays-de-ploermel.fr\/wp-content\/uploads\/2025\/10\/018Photo-BadouelF-GrandMere-1024x644.jpg\" alt=\"\" class=\"wp-image-17964\" srcset=\"https:\/\/lettresdepoilus-pays-de-ploermel.fr\/wp-content\/uploads\/2025\/10\/018Photo-BadouelF-GrandMere-1024x644.jpg 1024w, https:\/\/lettresdepoilus-pays-de-ploermel.fr\/wp-content\/uploads\/2025\/10\/018Photo-BadouelF-GrandMere-300x189.jpg 300w, https:\/\/lettresdepoilus-pays-de-ploermel.fr\/wp-content\/uploads\/2025\/10\/018Photo-BadouelF-GrandMere-768x483.jpg 768w, https:\/\/lettresdepoilus-pays-de-ploermel.fr\/wp-content\/uploads\/2025\/10\/018Photo-BadouelF-GrandMere-1536x965.jpg 1536w, https:\/\/lettresdepoilus-pays-de-ploermel.fr\/wp-content\/uploads\/2025\/10\/018Photo-BadouelF-GrandMere-2048x1287.jpg 2048w, https:\/\/lettresdepoilus-pays-de-ploermel.fr\/wp-content\/uploads\/2025\/10\/018Photo-BadouelF-GrandMere-1140x716.jpg 1140w\" sizes=\"(max-width: 1024px) 100vw, 1024px\" \/><\/figure>\n<\/div>\n<\/div>\n\n\n\n<p class=\"has-background has-medium-font-size\" style=\"background-color:#ccf2e6\"><em><strong>Angers (Maine et Loire), le 20 d\u00e9cembre 1914<\/strong>.<br><br>Ch\u00e8re Grand-m\u00e8re,<br>J&rsquo;ai tard\u00e9 un peu pour savoir comment que le m\u00e9tier aurait march\u00e9. Je suis tr\u00e8s satisfait de vous faire savoir de mes nouvelles qui sont tr\u00e8s bonnes pour le moment et que les v\u00f4tres sont de m\u00eame. <br>Je ne vous en dis pas plus long pour le moment. <br>Votre petit qui pense \u00e0 vous,<br><br>Badou\u00ebl Fernand, jeune Sapeur au 6e g\u00e9nie, \u00e0 la Compagnie D26<br>Angers, Maine et Loire<\/em><\/p>\n\n\n\n<hr class=\"wp-block-separator has-alpha-channel-opacity\"\/>\n\n\n<div class=\"wp-block-image\">\n<figure class=\"aligncenter size-full\"><img loading=\"lazy\" decoding=\"async\" width=\"516\" height=\"325\" src=\"https:\/\/lettresdepoilus-pays-de-ploermel.fr\/wp-content\/uploads\/2025\/09\/image-6.png\" alt=\"\" class=\"wp-image-17525\" srcset=\"https:\/\/lettresdepoilus-pays-de-ploermel.fr\/wp-content\/uploads\/2025\/09\/image-6.png 516w, https:\/\/lettresdepoilus-pays-de-ploermel.fr\/wp-content\/uploads\/2025\/09\/image-6-300x189.png 300w\" sizes=\"(max-width: 516px) 100vw, 516px\" \/><\/figure>\n<\/div>\n\n\n<p class=\"has-text-color has-link-color has-medium-font-size wp-elements-c884b3c7c68a687158244b3bc7283ad4\" style=\"color:#313737\"><\/p>\n\n\n\n<div style=\"height:30px\" aria-hidden=\"true\" class=\"wp-block-spacer\"><\/div>\n\n\n\n<p class=\"has-background has-medium-font-size\" style=\"background-color:#ccf2e6\"><strong><em>Angers (Maine et Loire),<\/em><\/strong> <strong><em>le 27 d\u00e9cembre 1914.<\/em><\/strong>                                                                       <em>Ch\u00e8re Cousine,<\/em>  <em>Je t&rsquo;envoie ces quelques mots pour te faire savoir de mes nouvelles qui sont tr\u00e8s bonnes pour le moment et ma pr\u00e9sente carte te trouve de m\u00eame car je n&rsquo;ai pas eu le temps d&rsquo;aller voir \u00e0 la Trinit\u00e9 car j&rsquo;ai re\u00e7u ma feuille de route le soir \u00e0 4 heures 30 et je devais partir le soir mais je suis parti le lendemain matin \u00e0 5 heures. Tu souhaiteras bien le bonjour aux parents. je termine en vous embrassant de loin. Ton cousin qui pense \u00e0 toi.<br>Badou\u00ebl Fernand, 6e g\u00e9nie, Compagnie D\/26. Angers, Maine et Loire.<\/em><\/p>\n\n\n\n<hr class=\"wp-block-separator has-alpha-channel-opacity\"\/>\n\n\n\n<p class=\"has-text-color has-background has-link-color has-medium-font-size wp-elements-952b946591dad622956c4286210ee913\" style=\"color:#313737;background-color:#ccf2e6\"><em><strong>Angers (Maine et Loire), le 3 mars 1915.<\/strong>                                                                                        Cher Cousin, Je r\u00e9ponds \u00e0 ton aimable carte que j&rsquo;ai re\u00e7ue hier ; je ne pense pas venir vous voir car les permissions sont difficiles \u00e0 avoir. Nous sommes mobilisables le 15 Mars au 20. Nous allons \u00eatre 300 d\u00e9sign\u00e9s pour partir au front. j&rsquo;aime beaucoup aller au front que de rester ici car au front, on est mieux nourri et ici, on a la cr\u00e8ve. Il y a des jours, on n&rsquo;a m\u00eame pas assez de pain et surtout, moi qui mangeai bien d&rsquo;avance. Il nous faut tout acheter. j&rsquo;ai \u00e9crit \u00e0 Victorine de m&rsquo;envoyer un colis car \u00e0 Angers, c&rsquo;est un peu cher. Je termine ma carte en te serrant la main de loin. Bien le bonjour \u00e0 mon oncle et tante ainsi qu&rsquo;\u00e0 Eug\u00e8ne et Aline et grand-m\u00e8re.<\/em>           <em>Badou\u00ebl Fernand.<\/em><\/p>\n\n\n\n<hr class=\"wp-block-separator has-alpha-channel-opacity\"\/>\n\n\n\n<p class=\"has-text-color has-background has-link-color has-medium-font-size wp-elements-92fd1b74058ca27bcc145d008b5313bf\" style=\"color:#313737;background-color:#ccf2e6\"><em><strong><em>Le 12 ao\u00fbt 1915<\/em><\/strong>. <strong><em>(Sur le front)<\/em><\/strong><\/em>                                                                                                     <em>Cher Cousin, <br>Je r\u00e9pond \u00e0 ton aimable lettre que j&rsquo;ai re\u00e7ue \u00e0 l&rsquo;instant et que j&rsquo;ai eu beaucoup de plaisir en apprenant que vous \u00e9tiez tous en bonne sant\u00e9. Cher Cousin, je ne peux t&rsquo;indiquer o\u00f9 je suis , c&rsquo;est d\u00e9fendu. Je te remercie de ta bont\u00e9 que tu as pour moi. j&rsquo;ai re\u00e7u ton mandat ; je n&rsquo;avais pas beaucoup de besoin mais \u00e7a fait toujours plaisir. Je te remercie beaucoup. Ton cousin qui pense \u00e0 toi et qui t&rsquo;aime pour la vie.<\/em>                                                                                                            <em>Badou\u00ebl Fernand.<br><\/em><\/p>\n\n\n\n<hr class=\"wp-block-separator has-alpha-channel-opacity\"\/>\n\n\n\n<p><\/p>\n\n\n\n<div class=\"wp-block-columns is-layout-flex wp-container-core-columns-is-layout-9d6595d7 wp-block-columns-is-layout-flex\">\n<div class=\"wp-block-column is-layout-flow wp-block-column-is-layout-flow\">\n<figure class=\"wp-block-image size-large is-resized\"><img loading=\"lazy\" decoding=\"async\" width=\"664\" height=\"1024\" src=\"https:\/\/lettresdepoilus-pays-de-ploermel.fr\/wp-content\/uploads\/2025\/08\/IMG_1101-1-664x1024.jpg\" alt=\"\" class=\"wp-image-17176\" style=\"width:400px;height:auto\" srcset=\"https:\/\/lettresdepoilus-pays-de-ploermel.fr\/wp-content\/uploads\/2025\/08\/IMG_1101-1-664x1024.jpg 664w, https:\/\/lettresdepoilus-pays-de-ploermel.fr\/wp-content\/uploads\/2025\/08\/IMG_1101-1-195x300.jpg 195w, https:\/\/lettresdepoilus-pays-de-ploermel.fr\/wp-content\/uploads\/2025\/08\/IMG_1101-1-768x1184.jpg 768w, https:\/\/lettresdepoilus-pays-de-ploermel.fr\/wp-content\/uploads\/2025\/08\/IMG_1101-1-996x1536.jpg 996w, https:\/\/lettresdepoilus-pays-de-ploermel.fr\/wp-content\/uploads\/2025\/08\/IMG_1101-1-1328x2048.jpg 1328w, https:\/\/lettresdepoilus-pays-de-ploermel.fr\/wp-content\/uploads\/2025\/08\/IMG_1101-1-1140x1758.jpg 1140w, https:\/\/lettresdepoilus-pays-de-ploermel.fr\/wp-content\/uploads\/2025\/08\/IMG_1101-1-scaled.jpg 1660w\" sizes=\"(max-width: 664px) 100vw, 664px\" \/><\/figure>\n\n\n\n<hr class=\"wp-block-separator has-alpha-channel-opacity\"\/>\n<\/div>\n\n\n\n<div class=\"wp-block-column is-layout-flow wp-block-column-is-layout-flow\">\n<figure class=\"wp-block-image size-full\"><img loading=\"lazy\" decoding=\"async\" width=\"921\" height=\"589\" src=\"https:\/\/lettresdepoilus-pays-de-ploermel.fr\/wp-content\/uploads\/2025\/08\/image-62.png\" alt=\"\" class=\"wp-image-17178\" srcset=\"https:\/\/lettresdepoilus-pays-de-ploermel.fr\/wp-content\/uploads\/2025\/08\/image-62.png 921w, https:\/\/lettresdepoilus-pays-de-ploermel.fr\/wp-content\/uploads\/2025\/08\/image-62-300x192.png 300w, https:\/\/lettresdepoilus-pays-de-ploermel.fr\/wp-content\/uploads\/2025\/08\/image-62-768x491.png 768w\" sizes=\"(max-width: 921px) 100vw, 921px\" \/><\/figure>\n<\/div>\n<\/div>\n\n\n\n<p class=\"has-text-color has-background has-link-color has-medium-font-size wp-elements-596e4b69625153aac86f76f60d89db59\" style=\"color:#313737;background-color:#ccf2e6\"><em><strong>Le 22 ao\u00fbt 1915.<\/strong> <br>Ch\u00e8re Grand-m\u00e8re, <br>Je vous envoie deux mots pour vous donner de mes nouvelles qui sont tr\u00e8s bonnes pour le moment et j&rsquo;esp\u00e8re que ma petite carte vous trouve de m\u00eame. Hier, j&rsquo;ai re\u00e7u les nouvelles de Victorine ; elle est toujours en bonne sant\u00e9. Je termine en vous embrassant de tout c\u0153ur. Votre petit-fils qui pense \u00e0 vous toute la vie.<\/em> <em><em>Badou\u00ebl Fernand.<\/em><\/em><\/p>\n\n\n\n<hr class=\"wp-block-separator has-alpha-channel-opacity\"\/>\n\n\n\n<div class=\"wp-block-columns is-layout-flex wp-container-core-columns-is-layout-9d6595d7 wp-block-columns-is-layout-flex\">\n<div class=\"wp-block-column is-layout-flow wp-block-column-is-layout-flow\">\n<figure class=\"wp-block-image size-large is-resized\"><img loading=\"lazy\" decoding=\"async\" width=\"634\" height=\"1024\" src=\"https:\/\/lettresdepoilus-pays-de-ploermel.fr\/wp-content\/uploads\/2025\/08\/image-61-634x1024.png\" alt=\"\" class=\"wp-image-17174\" style=\"width:395px;height:auto\" srcset=\"https:\/\/lettresdepoilus-pays-de-ploermel.fr\/wp-content\/uploads\/2025\/08\/image-61-634x1024.png 634w, https:\/\/lettresdepoilus-pays-de-ploermel.fr\/wp-content\/uploads\/2025\/08\/image-61-186x300.png 186w, https:\/\/lettresdepoilus-pays-de-ploermel.fr\/wp-content\/uploads\/2025\/08\/image-61-768x1240.png 768w, https:\/\/lettresdepoilus-pays-de-ploermel.fr\/wp-content\/uploads\/2025\/08\/image-61-951x1536.png 951w, https:\/\/lettresdepoilus-pays-de-ploermel.fr\/wp-content\/uploads\/2025\/08\/image-61-1268x2048.png 1268w, https:\/\/lettresdepoilus-pays-de-ploermel.fr\/wp-content\/uploads\/2025\/08\/image-61-1140x1841.png 1140w, https:\/\/lettresdepoilus-pays-de-ploermel.fr\/wp-content\/uploads\/2025\/08\/image-61-scaled.png 1585w\" sizes=\"(max-width: 634px) 100vw, 634px\" \/><\/figure>\n<\/div>\n\n\n\n<div class=\"wp-block-column is-layout-flow wp-block-column-is-layout-flow\">\n<p class=\"has-text-color has-background has-link-color has-medium-font-size wp-elements-3990937fb8d140d728a782889ac334c4\" style=\"color:#313737;background-color:#ccf2e6\"><strong><em>D\u00e9cembre 1915<\/em><\/strong>. <em>Cher Cousin, je vois que le premier jour de l&rsquo;an approche, je m&#8217;empresse de vous offrir mes souhaits de bonne ann\u00e9e et qu&rsquo;elle nous soit plus favorable que celle qui vient de s&rsquo;\u00e9couler et qu&rsquo;elle nous ram\u00e8ne chacun chez soi. J&rsquo;offre aussi mes souhaits \u00e0 Eug\u00e8ne qui doit \u00eatre avec la famille.<\/em> <em>Fernand Badouel.<\/em><\/p>\n<\/div>\n<\/div>\n\n\n\n<hr class=\"wp-block-separator has-alpha-channel-opacity\"\/>\n\n\n\n<p class=\"has-text-color has-link-color has-medium-font-size wp-elements-c884b3c7c68a687158244b3bc7283ad4\" style=\"color:#313737\"><\/p>\n\n\n<div class=\"wp-block-image\">\n<figure class=\"aligncenter size-large is-resized\"><img loading=\"lazy\" decoding=\"async\" width=\"1024\" height=\"664\" src=\"https:\/\/lettresdepoilus-pays-de-ploermel.fr\/wp-content\/uploads\/2025\/09\/012Texte-BadouelF-EugeneAmiaux-1024x664.jpg\" alt=\"\" class=\"wp-image-17477\" style=\"width:453px;height:auto\" srcset=\"https:\/\/lettresdepoilus-pays-de-ploermel.fr\/wp-content\/uploads\/2025\/09\/012Texte-BadouelF-EugeneAmiaux-1024x664.jpg 1024w, https:\/\/lettresdepoilus-pays-de-ploermel.fr\/wp-content\/uploads\/2025\/09\/012Texte-BadouelF-EugeneAmiaux-300x194.jpg 300w, https:\/\/lettresdepoilus-pays-de-ploermel.fr\/wp-content\/uploads\/2025\/09\/012Texte-BadouelF-EugeneAmiaux-768x498.jpg 768w, https:\/\/lettresdepoilus-pays-de-ploermel.fr\/wp-content\/uploads\/2025\/09\/012Texte-BadouelF-EugeneAmiaux-1536x996.jpg 1536w, https:\/\/lettresdepoilus-pays-de-ploermel.fr\/wp-content\/uploads\/2025\/09\/012Texte-BadouelF-EugeneAmiaux-2048x1328.jpg 2048w, https:\/\/lettresdepoilus-pays-de-ploermel.fr\/wp-content\/uploads\/2025\/09\/012Texte-BadouelF-EugeneAmiaux-1140x739.jpg 1140w\" sizes=\"(max-width: 1024px) 100vw, 1024px\" \/><\/figure>\n<\/div>\n\n\n<div style=\"height:30px\" aria-hidden=\"true\" class=\"wp-block-spacer\"><\/div>\n\n\n\n<p class=\"has-text-color has-background has-link-color has-medium-font-size wp-elements-d2f029e7c52f6570df5c300620fe9d6f\" style=\"color:#313737;background-color:#ccf2e6\"><strong><em>Angers (Maine et Loire),<\/em><\/strong> <strong><em>Le 21 mars 1916.<\/em><\/strong>                                                                                 <em>Bien cher petit cousin,<\/em> <em>Je prends un instant pour te faire savoir de mes nouvelles qui sont tr\u00e8s bonnes pour le moment. Je pense qu&rsquo;il en est ainsi pour toute la famille. Cher Eug\u00e8ne, je suis d\u00e9cid\u00e9 de vous faire parvenir ma photo en groupe que le d\u00e9part va \u00eatre avec cette carte. Bien le bonjour \u00e0 tante et \u00e0 Aline ainsi \u00e0 toi. Ton cousin qui t&rsquo;adresse un affectueux baiser et qui pense en vous pour la vie. Bien le bonjour \u00e0 Joseph de ma part.<br>Fernand Badou\u00ebl.<\/em><\/p>\n\n\n\n<hr class=\"wp-block-separator has-alpha-channel-opacity\"\/>\n\n\n\n<!-- Bouton retour en haut avec chevron SVG -->\r\n<style>\r\n#backToTop {\r\n  display: none; \/* cach\u00e9 par d\u00e9faut *\/\r\n  position: fixed;\r\n  bottom: 30px;\r\n  right: 30px;\r\n  z-index: 99;\r\n  border: none;\r\n  outline: none;\r\n  background-color: #444;\r\n  cursor: pointer;\r\n  padding: 12px;\r\n  border-radius: 50%;\r\n  transition: 0.3s;\r\n}\r\n\r\n#backToTop:hover {\r\n  background-color: #222;\r\n}\r\n\r\n#backToTop svg {\r\n  width: 22px;\r\n  height: 22px;\r\n  stroke: white;\r\n  stroke-width: 2.5;\r\n  fill: none;\r\n}\r\n<\/style>\r\n\r\n<button id=\"backToTop\" title=\"Retour en haut\">\r\n  <svg xmlns=\"http:\/\/www.w3.org\/2000\/svg\" viewBox=\"0 0 24 24\">\r\n    <polyline points=\"18 15 12 9 6 15\"\/>\r\n  <\/svg>\r\n<\/button>\r\n\r\n<script>\r\ndocument.addEventListener(\"DOMContentLoaded\", function() {\r\n  let btn = document.getElementById(\"backToTop\");\r\n\r\n  \/\/ Affiche ou cache le bouton selon le scroll\r\n  window.addEventListener(\"scroll\", function() {\r\n    if (document.body.scrollTop > 200 || document.documentElement.scrollTop > 200) {\r\n      btn.style.display = \"block\";\r\n    } else {\r\n      btn.style.display = \"none\";\r\n    }\r\n  });\r\n\r\n  \/\/ Clique -> retour en haut\r\n  btn.addEventListener(\"click\", function() {\r\n    window.scrollTo({ top: 0, behavior: \"smooth\" });\r\n  });\r\n});\r\n<\/script>\n","protected":false},"excerpt":{"rendered":"<p>Angers (Maine et Loire), le 20 d\u00e9cembre 1914. Ch\u00e8re Grand-m\u00e8re,J&rsquo;ai tard\u00e9 un peu pour savoir comment que le m\u00e9tier aurait march\u00e9. Je suis tr\u00e8s satisfait de vous faire savoir de mes nouvelles qui sont tr\u00e8s bonnes pour le moment et que les v\u00f4tres sont de m\u00eame. Je ne vous en dis pas plus long pour le moment. Votre petit qui pense \u00e0 vous, Badou\u00ebl Fernand, jeune Sapeur au 6e g\u00e9nie, \u00e0 la Compagnie D26Angers, Maine et Loire Angers (Maine et Loire), le 27 d\u00e9cembre 1914. Ch\u00e8re Cousine, Je t&rsquo;envoie ces quelques mots pour te faire savoir de mes nouvelles qui sont tr\u00e8s bonnes pour le moment et ma pr\u00e9sente carte te trouve de m\u00eame car je n&rsquo;ai pas eu le temps d&rsquo;aller voir \u00e0 la Trinit\u00e9 car j&rsquo;ai re\u00e7u ma feuille de route le soir \u00e0 4 heures 30 et je devais partir le soir mais je suis parti le lendemain matin \u00e0 5 heures. Tu souhaiteras bien le bonjour aux parents. je termine en vous embrassant de loin. Ton cousin qui pense \u00e0 toi.Badou\u00ebl Fernand, 6e g\u00e9nie, Compagnie D\/26. Angers, Maine et Loire. Angers (Maine et Loire), le 3 mars 1915. Cher Cousin, Je r\u00e9ponds \u00e0 ton aimable carte que j&rsquo;ai re\u00e7ue hier ; je ne pense pas venir vous voir car les permissions sont difficiles \u00e0 avoir. Nous sommes mobilisables le 15 Mars au 20. Nous allons \u00eatre 300 d\u00e9sign\u00e9s pour partir au front. j&rsquo;aime beaucoup aller au front que de rester ici car au front, on est mieux nourri et ici, on a la cr\u00e8ve. Il y a des jours, on n&rsquo;a m\u00eame pas assez de pain et surtout, moi qui mangeai bien d&rsquo;avance. Il nous faut tout acheter. j&rsquo;ai \u00e9crit \u00e0 Victorine de m&rsquo;envoyer un colis car \u00e0 Angers, c&rsquo;est un peu cher. Je termine ma carte en te serrant la main de loin. Bien le bonjour \u00e0 mon oncle et tante ainsi qu&rsquo;\u00e0 Eug\u00e8ne et Aline et grand-m\u00e8re. Badou\u00ebl Fernand. Le 12 ao\u00fbt 1915. (Sur le front) Cher Cousin, Je r\u00e9pond \u00e0 ton aimable lettre que j&rsquo;ai re\u00e7ue \u00e0 l&rsquo;instant et que j&rsquo;ai eu beaucoup de plaisir en apprenant que vous \u00e9tiez tous en bonne sant\u00e9. Cher Cousin, je ne peux t&rsquo;indiquer o\u00f9 je suis , c&rsquo;est d\u00e9fendu. Je te remercie de ta bont\u00e9 que tu as pour moi. j&rsquo;ai re\u00e7u ton mandat ; je n&rsquo;avais pas beaucoup de besoin mais \u00e7a fait toujours plaisir. Je te remercie beaucoup. Ton cousin qui pense \u00e0 toi et qui t&rsquo;aime pour la vie. Badou\u00ebl Fernand. Le 22 ao\u00fbt 1915. Ch\u00e8re Grand-m\u00e8re, Je vous envoie deux mots pour vous donner de mes nouvelles qui sont tr\u00e8s bonnes pour le moment et j&rsquo;esp\u00e8re que ma petite carte vous trouve de m\u00eame. Hier, j&rsquo;ai re\u00e7u les nouvelles de Victorine ; elle est toujours en bonne sant\u00e9. Je termine en vous embrassant de tout c\u0153ur. Votre petit-fils qui pense \u00e0 vous toute la vie. Badou\u00ebl Fernand. D\u00e9cembre 1915. Cher Cousin, je vois que le premier jour de l&rsquo;an approche, je m&#8217;empresse de vous offrir mes souhaits de bonne ann\u00e9e et qu&rsquo;elle nous soit plus favorable que celle qui vient de s&rsquo;\u00e9couler et qu&rsquo;elle nous ram\u00e8ne chacun chez soi. J&rsquo;offre aussi mes souhaits \u00e0 Eug\u00e8ne qui doit \u00eatre avec la famille. Fernand Badouel. Angers (Maine et Loire), Le 21 mars 1916. Bien cher petit cousin, Je prends un instant pour te faire savoir de mes nouvelles qui sont tr\u00e8s bonnes pour le moment. Je pense qu&rsquo;il en est ainsi pour toute la famille. Cher Eug\u00e8ne, je suis d\u00e9cid\u00e9 de vous faire parvenir ma photo en groupe que le d\u00e9part va \u00eatre avec cette carte. Bien le bonjour \u00e0 tante et \u00e0 Aline ainsi \u00e0 toi. Ton cousin qui t&rsquo;adresse un affectueux baiser et qui pense en vous pour la vie. Bien le bonjour \u00e0 Joseph de ma part.Fernand Badou\u00ebl.<\/p>\n","protected":false},"author":1,"featured_media":0,"parent":0,"menu_order":0,"comment_status":"closed","ping_status":"closed","template":"","meta":{"iawp_total_views":21,"footnotes":""},"class_list":["post-17048","page","type-page","status-publish","hentry"],"acf":[],"_links":{"self":[{"href":"https:\/\/lettresdepoilus-pays-de-ploermel.fr\/index.php\/wp-json\/wp\/v2\/pages\/17048","targetHints":{"allow":["GET"]}}],"collection":[{"href":"https:\/\/lettresdepoilus-pays-de-ploermel.fr\/index.php\/wp-json\/wp\/v2\/pages"}],"about":[{"href":"https:\/\/lettresdepoilus-pays-de-ploermel.fr\/index.php\/wp-json\/wp\/v2\/types\/page"}],"author":[{"embeddable":true,"href":"https:\/\/lettresdepoilus-pays-de-ploermel.fr\/index.php\/wp-json\/wp\/v2\/users\/1"}],"replies":[{"embeddable":true,"href":"https:\/\/lettresdepoilus-pays-de-ploermel.fr\/index.php\/wp-json\/wp\/v2\/comments?post=17048"}],"version-history":[{"count":27,"href":"https:\/\/lettresdepoilus-pays-de-ploermel.fr\/index.php\/wp-json\/wp\/v2\/pages\/17048\/revisions"}],"predecessor-version":[{"id":18180,"href":"https:\/\/lettresdepoilus-pays-de-ploermel.fr\/index.php\/wp-json\/wp\/v2\/pages\/17048\/revisions\/18180"}],"wp:attachment":[{"href":"https:\/\/lettresdepoilus-pays-de-ploermel.fr\/index.php\/wp-json\/wp\/v2\/media?parent=17048"}],"curies":[{"name":"wp","href":"https:\/\/api.w.org\/{rel}","templated":true}]}}